se 0 = -5*j + 1161 + 4474. Let m = 1662 - j. What are the prime factors of m?
5, 107
Let r(o) = 151*o**2 - 133*o + 1. What are the prime factors of r(-13)?
3, 31, 293
What are the prime factors of ((-6)/5 - 0)*((-32631)/9 + -6)?
2, 2179
Let n(v) = -107*v + 557. List the prime factors of n(0).
557
Let f = 304 + -259. List the prime factors of f/(-25)*(11850/(-9))/5.
2, 3, 79
Let r = 31527 - -17387. What are the prime factors of r?
2, 37, 661
Suppose 5*m - 27982 = -3*c, -4*c + 2*m - 3117 = -40435. List the prime factors of c.
19, 491
Let d = 36343 - 19954. List the prime factors of d.
3, 607
Let s(t) = 80*t + 37*t - 49*t + 142. What are the prime factors of s(19)?
2, 3, 239
Suppose 0 = 12*p - 30737 - 42079. What are the prime factors of p?
2, 37, 41
Let c(y) be the first derivative of 13*y**2 - 185*y - 225. List the prime factors of c(39).
829
Let q(k) = -2*k**3 - 7*k**2 + 11*k + 7. Let l = -785 - -779. What are the prime factors of q(l)?
11
Let u be 15/10 + (-693)/6 + 2. Let g be (-12)/14*(-8)/(u/(-49)). Let f(d) = 14*d**2 + 2*d + 3. List the prime factors of f(g).
3, 5
Let s(c) = 9*c + 15. Let h(f) = -f. Let t(x) = 3*h(x) - s(x). Let j be t(-5). Suppose 16*w = 15*w + j. What are the prime factors of w?
3, 5
Suppose 4157*b - 4156*b - 27727 - 3178 = 0. List the prime factors of b.
5, 7, 883
Let f(a) = 4896*a**2 - 56*a - 40. List the prime factors of f(-1).
2, 307
What are the prime factors of (2/20)/((-89)/(-2883066))*5?
3, 5399
Let b = -11128 + 14624. List the prime factors of b.
2, 19, 23
Let p = 12644 + 3600. List the prime factors of p.
2, 31, 131
Let d = 214 - 192. List the prime factors of (-2146)/(-16) + d/(-176).
2, 67
Let s(x) be the first derivative of -x**4/4 - 2*x**3 + 13*x**2/2 - 17*x + 68. What are the prime factors of s(-11)?
5, 89
Let q = 55 - 37. Let k be (-12)/q*(-3 - -93). List the prime factors of (k/(-16))/(0 - (-6)/200).
5
Suppose -u = r - 4978, -4*r - 22*u = -26*u - 19896. What are the prime factors of r?
2, 311
Let u(y) = -y**3 - 4*y**2 + 4. Let k be u(-4). Suppose 5*i - 12 = -2*c + 10, -4*i = -2*c + k. Suppose c*h - 14*h = -1448. List the prime factors of h.
181
Let x(m) = -2612*m + 46. List the prime factors of x(-4).
2, 3, 11, 53
Let d(v) = -v**3 + 92*v**2 - 216*v + 792. List the prime factors of d(89).
3, 1777
Suppose -2*k - c = -3*c - 6, -k - 6 = -4*c. Suppose -k*w + 28 = -2*w. Suppose w*u - 534 + 128 = 0. List the prime factors of u.
2, 29
Suppose -25*u + 4203 = -13999 - 17148. What are the prime factors of u?
2, 7, 101
Let u be (-66)/(-15) + 6/(-15) + -2. Let l(x) = 2 - u*x + 8*x + 6 + 0*x. What are the prime factors of l(15)?
2, 7
Suppose -2*v - v = 6. Let q be (-9)/(2 + v + -1). List the prime factors of (90/8)/(q/36).
3, 5
Suppose 2*d + 12 - 66 = 0. Suppose 5*f - d = -2. Let z(x) = 12*x**2 - 8*x - 13. List the prime factors of z(f).
13, 19
Let d = 54 - 66. What are the prime factors of (-13958)/d - (-23)/(-138)?
1163
Let m(k) be the first derivative of -k**4/4 - 10*k**3/3 - 21*k**2/2 + 4*k + 17. Let d be m(-7). What are the prime factors of ((-14)/d - -4) + 363/6?
61
Let t(q) = 799*q**3 - q**2 + q + 2. Let k be t(-1). Let d = 1409 + k. List the prime factors of d.
2, 5, 61
Let o be 460/110 + -4 + (-354)/11. Let z = -40 - -109. Let h = z + o. List the prime factors of h.
37
Let j(i) = -80*i + 58. Let s be j(-4). Suppose 2*q = 6, r - s = q - 2*q. List the prime factors of r.
3, 5
Suppose -2*a + a = -c + 66, 330 = 5*c - 3*a. Let f = c - 135. Let j = 29 - f. What are the prime factors of j?
2, 7
List the prime factors of (-2)/7 - (-1204680)/420.
2, 3, 239
Let s(p) = 3121*p - 2388. What are the prime factors of s(24)?
2, 3, 6043
Let q = 5 + 28. Suppose p = 2*p - q. Suppose 0*v + p = v. List the prime factors of v.
3, 11
Let b(l) = -4*l**3 + l**2 + 6*l - 9. Let s be b(2). What are the prime factors of (-5)/s + 56472/65?
11, 79
Let s be (-230)/15 + (-2)/3. What are the prime factors of 4/s - (-6305)/20?
3, 5, 7
What are the prime factors of (12 + -3)*4826/57?
2, 3, 127
Let g be (3/9)/(11/(-12) - -1). Suppose 2*v - 18 = g*j, -5*j - 24 = -4*v + 2*v. What are the prime factors of 125/(20/35 - j/14)?
5
Let q(s) = -56*s**3 + s**2 + 19. Let m be q(-3). Let r = m - 829. What are the prime factors of r?
3, 79
List the prime factors of (30681 - 886) + (2/2 - -3).
3, 7, 11, 43
Let w be ((-15)/6 - -2)*676. Let r = w + 791. What are the prime factors of r?
3, 151
Let h(s) = s**2 + 5*s - 11. Let z(q) = q**2 + 3*q - 7. Let y(f) = 5*h(f) - 8*z(f). Let g be y(1). What are the prime factors of (-70)/g + (-4 - -3)?
3, 23
Suppose 0 = -6*w - 10*w + 2784. Suppose -2*g = -132 - w. List the prime factors of g.
3, 17
Let i(v) = v**3 - 15*v**2 + 17*v - 18. Suppose 0 = -z + 4*z - 12. Suppose 2*b = -3*g - 3*b + 52, z*g - 5*b = 46. List the prime factors of i(g).
2, 3
Suppose -40 = w + 5*a, -3*w - 2*a + 3*a = 88. Let q(z) = -26*z - 207. List the prime factors of q(w).
3, 191
Let u(m) = -m**3 - 7*m**2 + 14*m + 13. Let f = -240 + 226. What are the prime factors of u(f)?
29, 41
Let k = 545 + -543. Suppose -2159 = -5*d + 2*h + 4411, 0 = k*d + 5*h - 2657. What are the prime factors of d?
2, 7, 47
Let o(k) be the first derivative of 2*k**3/3 - 25*k**2 - 4*k - 155. What are the prime factors of o(-4)?
2, 3, 19
Let t = -1247 - -10678. What are the prime factors of t?
9431
Suppose -j = 2*o - 5702, -o + 0*o = 2*j - 11398. Suppose 8*k = k + j. Suppose -2*a = 5*p - 3*a - k, -2*p - 2*a + 328 = 0. What are the prime factors of p?
163
Suppose -1 = -b + 2. Suppose 208 = 3*m - 7*g + 3*g, 243 = b*m + 3*g. List the prime factors of m.
2, 19
Suppose -5*f + 482 = 507, 4*y = -4*f + 26588. What are the prime factors of y?
2, 1663
Suppose 445*f = 329*f - 4176. Suppose 8*i + 400 = 4*p + 4*i, p - 106 = 3*i. Let k = p - f. List the prime factors of k.
7, 19
What are the prime factors of ((-2)/8 - (2 - 0))/((-141)/378444)?
3, 11, 61
Let l(c) = -8*c + 12. Let r be l(-1). Let j = -10 + r. Suppose 77 = z + j*z. What are the prime factors of z?
7
Let n(b) = 3*b**2 - 8*b + 3. Let p be n(5). Let k = p - 44. Let i(h) = h**2 + 4*h + 4. What are the prime factors of i(k)?
2
Let x be 9 + 13/(39/(-24)). What are the prime factors of 751 + (-27)/9 - (-3 + x)?
2, 3, 5
Let u(f) = -f**2 + 7*f + 52. Let q = 11 + -3. List the prime factors of u(q).
2, 11
Suppose -142331 + 71057 = -12*w + 142026. What are the prime factors of w?
3, 5, 79
Let x be 1 + 3 + 2/(-1). Suppose 0 = -5*u - 5*v, 26 = x*u - 3*v + 1. Suppose u*t = -5*a + 519 + 181, -a + 132 = -t. List the prime factors of a.
2, 17
List the prime factors of (43 - 24 - 22)/((-5)/66895).
3, 17, 787
Let u = 54498 - 31080. What are the prime factors of u?
2, 3, 1301
Let q(w) = -85*w + 43. Suppose -54 = -25*u + 43*u. What are the prime factors of q(u)?
2, 149
Suppose 293*h = 284*h + 141202 + 203966. What are the prime factors of h?
2, 3, 17, 47
Let s(p) = 62*p**3 + p**2. Let t be s(-1). Let g = t + 82. Let q = g + -11. List the prime factors of q.
2, 5
Suppose 3*z = 3, 2*n + 3*z - 16461 = -596. List the prime factors of n.
7, 11, 103
Let c be -5*(-14 + 3*(-5)/15). What are the prime factors of c/(-6)*((-2450)/(-7))/(-7)?
5
Let n be -1*24/28*-35. Let p = n + -78. Let v = p + 72. What are the prime factors of v?
2, 3
Suppose -11*p + 126 = -8*p. Let l be (44/(-10))/(88/220). Let x = p + l. What are the prime factors of x?
31
Let m(r) = 61*r**2 - 21*r + 25. Let g(v) = 1 - 10 + 3 - 15*v**2 + 5*v. Let z(t) = -9*g(t) - 2*m(t). What are the prime factors of z(2)?
2, 5
Let x(z) = 30*z**2 + 2*z + 5. Let j(p) = p**3 - p**2 - p + 23. Let d be j(0). Suppose 16*s - 14 = d*s. What are the prime factors of x(s)?
11
Let z(b) = -b**2 - b + 1. Let d(i) = i**3 - 8*i**2 + 10*i - 4. Let w(r) = d(r) - 2*z(r). Let n be w(10). Suppose -n + 44 = -5*t. List the prime factors of t.
2, 47
Let l be 2/9 - (-204)/54. Suppose 0 = 2*c + 2*c + l, 5*w - 4*c = 2334. Suppose -r + 237 = 3*m, 2*r + m - w = -m. List the prime factors of r.
3, 7, 11
Suppose -217 + 3405 = 2*q. Suppose 3*w = -2*n + 2403, 25*w + q = 27*w + 4*n. List the prime factors of w.
11, 73
Let y = -84 - -91. Suppose 20*r = y*r - 3887. Let c = r - -460. List the prime factors of c.
7, 23
Suppose -16*j - 55333 = -252176 - 33029. What are the prime factors of j?
3, 4789
Let b = -258 + 253. List the prime factor